		{"id":35168,"date":"2023-09-15T11:09:39","date_gmt":"2023-09-15T09:09:39","guid":{"rendered":"https:\/\/www.solido.com\/?post_type=product&#038;p=35168"},"modified":"2025-05-29T04:00:47","modified_gmt":"2025-05-29T02:00:47","slug":"s1809502-ford-puma-rally1-hybrid-rallye-montecarlo-2022-19-s-loeb-i-galmiche","status":"publish","type":"product","link":"https:\/\/www.solido.com\/en\/la-collection\/s1809502-ford-puma-rally1-hybrid-rallye-montecarlo-2022-19-s-loeb-i-galmiche\/","title":{"rendered":"Ford Puma Rally1 Hybrid &#8211; Rallye Montecarlo &#8211; 2022 &#8211; #19 S.Loeb \/ I.Galmiche"},"content":{"rendered":"<p>In January 2022, the World Rally Championship moved into the hybrid era and discovered the new &#8220;Rally1&#8221; cars that replaced the &#8220;World Rally Cars&#8221; introduced in 1997. S\u00e9bastien Loeb and S\u00e9bastien Ogier are at the start of the Monte-Carlo Rally, each driving a different Rally1. After a superb battle between &#8220;the two Sebs&#8221;, Loeb ended up winning the 2022 Monte Carlo Rally after his opponent got a puncture on the penultimate stage. This was his 8th victory on the &#8220;Monte-Carl'&#8221; with his first rally at the wheel of a Ford and for his first rally co-driven by Isabelle Galmiche! He also became the first winner of the hybrid era in the WRC, a historic moment in many ways!<\/p>\n","protected":false},"excerpt":{"rendered":"<p>Janvier 2022, le championnat du monde passe \u00e0 l\u2019\u00e8re hybride et d\u00e9couvre les nouvelles \u00ab\u00a0Rally1\u00a0\u00bb qui remplacent les \u00ab\u00a0WorldRallyCars\u00a0\u00bb instaur\u00e9es en 1997. S\u00e9bastien Loeb et S\u00e9bastien Ogier sont au d\u00e9part du Monte-Carlo, chacun au volant d\u2019une Rally1 diff\u00e9rente. Suite \u00e0 cette superbe bagarre entre \u00ab\u00a0les deux Seb\u00a0\u00bb, Loeb finit par remporter le Rallye Monte-Carlo 2022 apr\u00e8s la crevaison de son adversaire dans l\u2019avant derni\u00e8re sp\u00e9ciale. Il d\u00e9croche ainsi sa 8e victoire au \u00ab\u00a0Monte-Carl\u2019\u00a0\u00bb pour son premier rallye au volant d\u2019une Ford et pour son premier rallye copilot\u00e9 par Isabelle Galmiche\u00a0! Il devient \u00e9galement le premier vainqueur de l\u2019\u00e8re hybride en WRC, un moment historique \u00e0 bien des \u00e9gards\u00a0! <a href=\"https:\/\/www.solido.com\/en\/la-collection\/s1809502-ford-puma-rally1-hybrid-rallye-montecarlo-2022-19-s-loeb-i-galmiche\/\">[&#8230;]<\/a><\/p>\n","protected":false},"featured_media":35170,"comment_status":"open","ping_status":"closed","template":"","meta":[],"product_cat":[1181],"product_tag":[],"acf":[],"yoast_head":"<!-- This site is optimized with the Yoast SEO plugin v18.5.1 - https:\/\/yoast.com\/wordpress\/plugins\/seo\/ -->\n<title>Ford Puma Rally1 Hybrid - Rallye Montecarlo - 2022 - #19 S.Loeb \/ I.Galmiche - Solido<\/title>\n<meta name=\"robots\" content=\"index, follow, max-snippet:-1, max-image-preview:large, max-video-preview:-1\" \/>\n<link rel=\"canonical\" href=\"https:\/\/www.solido.com\/en\/la-collection\/s1809502-ford-puma-rally1-hybrid-rallye-montecarlo-2022-19-s-loeb-i-galmiche\/\" \/>\n<meta property=\"og:locale\" content=\"en_US\" \/>\n<meta property=\"og:type\" content=\"article\" \/>\n<meta property=\"og:title\" content=\"Ford Puma Rally1 Hybrid - Rallye Montecarlo - 2022 - #19 S.Loeb \/ I.Galmiche - Solido\" \/>\n<meta property=\"og:description\" content=\"Janvier 2022, le championnat du monde passe \u00e0 l\u2019\u00e8re hybride et d\u00e9couvre les nouvelles \u00ab\u00a0Rally1\u00a0\u00bb qui remplacent les \u00ab\u00a0WorldRallyCars\u00a0\u00bb instaur\u00e9es en 1997. S\u00e9bastien Loeb et S\u00e9bastien Ogier sont au d\u00e9part du Monte-Carlo, chacun au volant d\u2019une Rally1 diff\u00e9rente. Suite \u00e0 cette superbe bagarre entre \u00ab\u00a0les deux Seb\u00a0\u00bb, Loeb finit par remporter le Rallye Monte-Carlo 2022 apr\u00e8s la crevaison de son adversaire dans l\u2019avant derni\u00e8re sp\u00e9ciale. Il d\u00e9croche ainsi sa 8e victoire au \u00ab\u00a0Monte-Carl\u2019\u00a0\u00bb pour son premier rallye au volant d\u2019une Ford et pour son premier rallye copilot\u00e9 par Isabelle Galmiche\u00a0! Il devient \u00e9galement le premier vainqueur de l\u2019\u00e8re hybride en WRC, un moment historique \u00e0 bien des \u00e9gards\u00a0! [...]\" \/>\n<meta property=\"og:url\" content=\"https:\/\/www.solido.com\/en\/la-collection\/s1809502-ford-puma-rally1-hybrid-rallye-montecarlo-2022-19-s-loeb-i-galmiche\/\" \/>\n<meta property=\"og:site_name\" content=\"Solido\" \/>\n<meta property=\"article:modified_time\" content=\"2025-05-29T02:00:47+00:00\" \/>\n<meta property=\"og:image\" content=\"https:\/\/www.solido.com\/wp-content\/uploads\/2023\/09\/ford-puma-rally1-hybrid-01.jpg\" \/>\n\t<meta property=\"og:image:width\" content=\"2500\" \/>\n\t<meta property=\"og:image:height\" content=\"1667\" \/>\n\t<meta property=\"og:image:type\" content=\"image\/jpeg\" \/>\n<meta name=\"twitter:card\" content=\"summary_large_image\" \/>\n<script type=\"application\/ld+json\" class=\"yoast-schema-graph\">{\"@context\":\"https:\/\/schema.org\",\"@graph\":[{\"@type\":\"WebSite\",\"@id\":\"https:\/\/www.solido.com\/en\/#website\",\"url\":\"https:\/\/www.solido.com\/en\/\",\"name\":\"Solido\",\"description\":\"Miniatures automobiles\",\"potentialAction\":[{\"@type\":\"SearchAction\",\"target\":{\"@type\":\"EntryPoint\",\"urlTemplate\":\"https:\/\/www.solido.com\/en\/?s={search_term_string}\"},\"query-input\":\"required name=search_term_string\"}],\"inLanguage\":\"en-US\"},{\"@type\":\"ImageObject\",\"@id\":\"https:\/\/www.solido.com\/en\/la-collection\/s1809502-ford-puma-rally1-hybrid-rallye-montecarlo-2022-19-s-loeb-i-galmiche\/#primaryimage\",\"inLanguage\":\"en-US\",\"url\":\"https:\/\/www.solido.com\/wp-content\/uploads\/2023\/09\/ford-puma-rally1-hybrid-01.jpg\",\"contentUrl\":\"https:\/\/www.solido.com\/wp-content\/uploads\/2023\/09\/ford-puma-rally1-hybrid-01.jpg\",\"width\":2500,\"height\":1667,\"caption\":\"Ford Puma Rally1 Hybrid - Rallye Montecarlo - 2022 - #19 S.Loeb \/ I.Galmiche\"},{\"@type\":\"WebPage\",\"@id\":\"https:\/\/www.solido.com\/en\/la-collection\/s1809502-ford-puma-rally1-hybrid-rallye-montecarlo-2022-19-s-loeb-i-galmiche\/#webpage\",\"url\":\"https:\/\/www.solido.com\/en\/la-collection\/s1809502-ford-puma-rally1-hybrid-rallye-montecarlo-2022-19-s-loeb-i-galmiche\/\",\"name\":\"Ford Puma Rally1 Hybrid - Rallye Montecarlo - 2022 - #19 S.Loeb \/ I.Galmiche - Solido\",\"isPartOf\":{\"@id\":\"https:\/\/www.solido.com\/en\/#website\"},\"primaryImageOfPage\":{\"@id\":\"https:\/\/www.solido.com\/en\/la-collection\/s1809502-ford-puma-rally1-hybrid-rallye-montecarlo-2022-19-s-loeb-i-galmiche\/#primaryimage\"},\"datePublished\":\"2023-09-15T09:09:39+00:00\",\"dateModified\":\"2025-05-29T02:00:47+00:00\",\"breadcrumb\":{\"@id\":\"https:\/\/www.solido.com\/en\/la-collection\/s1809502-ford-puma-rally1-hybrid-rallye-montecarlo-2022-19-s-loeb-i-galmiche\/#breadcrumb\"},\"inLanguage\":\"en-US\",\"potentialAction\":[{\"@type\":\"ReadAction\",\"target\":[\"https:\/\/www.solido.com\/en\/la-collection\/s1809502-ford-puma-rally1-hybrid-rallye-montecarlo-2022-19-s-loeb-i-galmiche\/\"]}]},{\"@type\":\"BreadcrumbList\",\"@id\":\"https:\/\/www.solido.com\/en\/la-collection\/s1809502-ford-puma-rally1-hybrid-rallye-montecarlo-2022-19-s-loeb-i-galmiche\/#breadcrumb\",\"itemListElement\":[{\"@type\":\"ListItem\",\"position\":1,\"name\":\"Solido\",\"item\":\"https:\/\/www.solido.com\/en\/\"},{\"@type\":\"ListItem\",\"position\":2,\"name\":\"The collection\",\"item\":\"https:\/\/www.solido.com\/en\/the-collection\/\"},{\"@type\":\"ListItem\",\"position\":3,\"name\":\"1\/18 Collection\",\"item\":\"https:\/\/www.solido.com\/en\/product-category\/118-collection-en\/\"},{\"@type\":\"ListItem\",\"position\":4,\"name\":\"Ford Puma Rally1 Hybrid &#8211; Rallye Montecarlo &#8211; 2022 &#8211; #19 S.Loeb \/ I.Galmiche\"}]}]}<\/script>\n<!-- \/ Yoast SEO plugin. -->","yoast_head_json":{"title":"Ford Puma Rally1 Hybrid - Rallye Montecarlo - 2022 - #19 S.Loeb \/ I.Galmiche - Solido","robots":{"index":"index","follow":"follow","max-snippet":"max-snippet:-1","max-image-preview":"max-image-preview:large","max-video-preview":"max-video-preview:-1"},"canonical":"https:\/\/www.solido.com\/en\/la-collection\/s1809502-ford-puma-rally1-hybrid-rallye-montecarlo-2022-19-s-loeb-i-galmiche\/","og_locale":"en_US","og_type":"article","og_title":"Ford Puma Rally1 Hybrid - Rallye Montecarlo - 2022 - #19 S.Loeb \/ I.Galmiche - Solido","og_description":"Janvier 2022, le championnat du monde passe \u00e0 l\u2019\u00e8re hybride et d\u00e9couvre les nouvelles \u00ab\u00a0Rally1\u00a0\u00bb qui remplacent les \u00ab\u00a0WorldRallyCars\u00a0\u00bb instaur\u00e9es en 1997. S\u00e9bastien Loeb et S\u00e9bastien Ogier sont au d\u00e9part du Monte-Carlo, chacun au volant d\u2019une Rally1 diff\u00e9rente. Suite \u00e0 cette superbe bagarre entre \u00ab\u00a0les deux Seb\u00a0\u00bb, Loeb finit par remporter le Rallye Monte-Carlo 2022 apr\u00e8s la crevaison de son adversaire dans l\u2019avant derni\u00e8re sp\u00e9ciale. Il d\u00e9croche ainsi sa 8e victoire au \u00ab\u00a0Monte-Carl\u2019\u00a0\u00bb pour son premier rallye au volant d\u2019une Ford et pour son premier rallye copilot\u00e9 par Isabelle Galmiche\u00a0! Il devient \u00e9galement le premier vainqueur de l\u2019\u00e8re hybride en WRC, un moment historique \u00e0 bien des \u00e9gards\u00a0! [...]","og_url":"https:\/\/www.solido.com\/en\/la-collection\/s1809502-ford-puma-rally1-hybrid-rallye-montecarlo-2022-19-s-loeb-i-galmiche\/","og_site_name":"Solido","article_modified_time":"2025-05-29T02:00:47+00:00","og_image":[{"width":2500,"height":1667,"url":"https:\/\/www.solido.com\/wp-content\/uploads\/2023\/09\/ford-puma-rally1-hybrid-01.jpg","type":"image\/jpeg"}],"twitter_card":"summary_large_image","schema":{"@context":"https:\/\/schema.org","@graph":[{"@type":"WebSite","@id":"https:\/\/www.solido.com\/en\/#website","url":"https:\/\/www.solido.com\/en\/","name":"Solido","description":"Miniatures automobiles","potentialAction":[{"@type":"SearchAction","target":{"@type":"EntryPoint","urlTemplate":"https:\/\/www.solido.com\/en\/?s={search_term_string}"},"query-input":"required name=search_term_string"}],"inLanguage":"en-US"},{"@type":"ImageObject","@id":"https:\/\/www.solido.com\/en\/la-collection\/s1809502-ford-puma-rally1-hybrid-rallye-montecarlo-2022-19-s-loeb-i-galmiche\/#primaryimage","inLanguage":"en-US","url":"https:\/\/www.solido.com\/wp-content\/uploads\/2023\/09\/ford-puma-rally1-hybrid-01.jpg","contentUrl":"https:\/\/www.solido.com\/wp-content\/uploads\/2023\/09\/ford-puma-rally1-hybrid-01.jpg","width":2500,"height":1667,"caption":"Ford Puma Rally1 Hybrid - Rallye Montecarlo - 2022 - #19 S.Loeb \/ I.Galmiche"},{"@type":"WebPage","@id":"https:\/\/www.solido.com\/en\/la-collection\/s1809502-ford-puma-rally1-hybrid-rallye-montecarlo-2022-19-s-loeb-i-galmiche\/#webpage","url":"https:\/\/www.solido.com\/en\/la-collection\/s1809502-ford-puma-rally1-hybrid-rallye-montecarlo-2022-19-s-loeb-i-galmiche\/","name":"Ford Puma Rally1 Hybrid - Rallye Montecarlo - 2022 - #19 S.Loeb \/ I.Galmiche - Solido","isPartOf":{"@id":"https:\/\/www.solido.com\/en\/#website"},"primaryImageOfPage":{"@id":"https:\/\/www.solido.com\/en\/la-collection\/s1809502-ford-puma-rally1-hybrid-rallye-montecarlo-2022-19-s-loeb-i-galmiche\/#primaryimage"},"datePublished":"2023-09-15T09:09:39+00:00","dateModified":"2025-05-29T02:00:47+00:00","breadcrumb":{"@id":"https:\/\/www.solido.com\/en\/la-collection\/s1809502-ford-puma-rally1-hybrid-rallye-montecarlo-2022-19-s-loeb-i-galmiche\/#breadcrumb"},"inLanguage":"en-US","potentialAction":[{"@type":"ReadAction","target":["https:\/\/www.solido.com\/en\/la-collection\/s1809502-ford-puma-rally1-hybrid-rallye-montecarlo-2022-19-s-loeb-i-galmiche\/"]}]},{"@type":"BreadcrumbList","@id":"https:\/\/www.solido.com\/en\/la-collection\/s1809502-ford-puma-rally1-hybrid-rallye-montecarlo-2022-19-s-loeb-i-galmiche\/#breadcrumb","itemListElement":[{"@type":"ListItem","position":1,"name":"Solido","item":"https:\/\/www.solido.com\/en\/"},{"@type":"ListItem","position":2,"name":"The collection","item":"https:\/\/www.solido.com\/en\/the-collection\/"},{"@type":"ListItem","position":3,"name":"1\/18 Collection","item":"https:\/\/www.solido.com\/en\/product-category\/118-collection-en\/"},{"@type":"ListItem","position":4,"name":"Ford Puma Rally1 Hybrid &#8211; Rallye Montecarlo &#8211; 2022 &#8211; #19 S.Loeb \/ I.Galmiche"}]}]}},"_links":{"self":[{"href":"https:\/\/www.solido.com\/en\/wp-json\/wp\/v2\/product\/35168"}],"collection":[{"href":"https:\/\/www.solido.com\/en\/wp-json\/wp\/v2\/product"}],"about":[{"href":"https:\/\/www.solido.com\/en\/wp-json\/wp\/v2\/types\/product"}],"replies":[{"embeddable":true,"href":"https:\/\/www.solido.com\/en\/wp-json\/wp\/v2\/comments?post=35168"}],"wp:featuredmedia":[{"embeddable":true,"href":"https:\/\/www.solido.com\/en\/wp-json\/wp\/v2\/media\/35170"}],"wp:attachment":[{"href":"https:\/\/www.solido.com\/en\/wp-json\/wp\/v2\/media?parent=35168"}],"wp:term":[{"taxonomy":"product_cat","embeddable":true,"href":"https:\/\/www.solido.com\/en\/wp-json\/wp\/v2\/product_cat?post=35168"},{"taxonomy":"product_tag","embeddable":true,"href":"https:\/\/www.solido.com\/en\/wp-json\/wp\/v2\/product_tag?post=35168"}],"curies":[{"name":"wp","href":"https:\/\/api.w.org\/{rel}","templated":true}]}}

<p>In January 2022, the World Rally Championship moved into the hybrid era and discovered the new &#8220;Rally1&#8221; cars that replaced the &#8220;World Rally Cars&#8221; introduced in 1997. Sébastien Loeb and Sébastien Ogier are at the start of the Monte-Carlo Rally, each driving a different Rally1. After a superb battle between &#8220;the two Sebs&#8221;, Loeb ended up winning the 2022 Monte Carlo Rally after his opponent got a puncture on the penultimate stage. This was his 8th victory on the &#8220;Monte-Carl'&#8221; with his first rally at the wheel of a Ford and for his first rally co-driven by Isabelle Galmiche! He also became the first winner of the hybrid era in the WRC, a historic moment in many ways!</p>

<p>Janvier 2022, le championnat du monde passe à l’ère hybride et découvre les nouvelles « Rally1 » qui remplacent les « WorldRallyCars » instaurées en 1997. Sébastien Loeb et Sébastien Ogier sont au départ du Monte-Carlo, chacun au volant d’une Rally1 différente. Suite à cette superbe bagarre entre « les deux Seb », Loeb finit par remporter le Rallye Monte-Carlo 2022 après la crevaison de son adversaire dans l’avant dernière spéciale. Il décroche ainsi sa 8e victoire au « Monte-Carl’ » pour son premier rallye au volant d’une Ford et pour son premier rallye copiloté par Isabelle Galmiche ! Il devient également le premier vainqueur de l’ère hybride en WRC, un moment historique à bien des égards ! <a href="https://www.solido.com/en/la-collection/s1809502-ford-puma-rally1-hybrid-rallye-montecarlo-2022-19-s-loeb-i-galmiche/">[&#8230;]</a></p>

<!-- This site is optimized with the Yoast SEO plugin v18.5.1 - https://yoast.com/wordpress/plugins/seo/ -->
<title>Ford Puma Rally1 Hybrid - Rallye Montecarlo - 2022 - #19 S.Loeb / I.Galmiche - Solido</title>
<meta name="robots" content="index, follow, max-snippet:-1, max-image-preview:large, max-video-preview:-1" />
<link rel="canonical" href="https://www.solido.com/en/la-collection/s1809502-ford-puma-rally1-hybrid-rallye-montecarlo-2022-19-s-loeb-i-galmiche/" />
<meta property="og:locale" content="en_US" />
<meta property="og:type" content="article" />
<meta property="og:title" content="Ford Puma Rally1 Hybrid - Rallye Montecarlo - 2022 - #19 S.Loeb / I.Galmiche - Solido" />
<meta property="og:description" content="Janvier 2022, le championnat du monde passe à l’ère hybride et découvre les nouvelles « Rally1 » qui remplacent les « WorldRallyCars » instaurées en 1997. Sébastien Loeb et Sébastien Ogier sont au départ du Monte-Carlo, chacun au volant d’une Rally1 différente. Suite à cette superbe bagarre entre « les deux Seb », Loeb finit par remporter le Rallye Monte-Carlo 2022 après la crevaison de son adversaire dans l’avant dernière spéciale. Il décroche ainsi sa 8e victoire au « Monte-Carl’ » pour son premier rallye au volant d’une Ford et pour son premier rallye copiloté par Isabelle Galmiche ! Il devient également le premier vainqueur de l’ère hybride en WRC, un moment historique à bien des égards ! [...]" />
<meta property="og:url" content="https://www.solido.com/en/la-collection/s1809502-ford-puma-rally1-hybrid-rallye-montecarlo-2022-19-s-loeb-i-galmiche/" />
<meta property="og:site_name" content="Solido" />
<meta property="article:modified_time" content="2025-05-29T02:00:47+00:00" />
<meta property="og:image" content="https://www.solido.com/wp-content/uploads/2023/09/ford-puma-rally1-hybrid-01.jpg" />
	<meta property="og:image:width" content="2500" />
	<meta property="og:image:height" content="1667" />
	<meta property="og:image:type" content="image/jpeg" />
<meta name="twitter:card" content="summary_large_image" />
<script type="application/ld+json" class="yoast-schema-graph">{"@context":"https://schema.org","@graph":[{"@type":"WebSite","@id":"https://www.solido.com/en/#website","url":"https://www.solido.com/en/","name":"Solido","description":"Miniatures automobiles","potentialAction":[{"@type":"SearchAction","target":{"@type":"EntryPoint","urlTemplate":"https://www.solido.com/en/?s={search_term_string}"},"query-input":"required name=search_term_string"}],"inLanguage":"en-US"},{"@type":"ImageObject","@id":"https://www.solido.com/en/la-collection/s1809502-ford-puma-rally1-hybrid-rallye-montecarlo-2022-19-s-loeb-i-galmiche/#primaryimage","inLanguage":"en-US","url":"https://www.solido.com/wp-content/uploads/2023/09/ford-puma-rally1-hybrid-01.jpg","contentUrl":"https://www.solido.com/wp-content/uploads/2023/09/ford-puma-rally1-hybrid-01.jpg","width":2500,"height":1667,"caption":"Ford Puma Rally1 Hybrid - Rallye Montecarlo - 2022 - #19 S.Loeb / I.Galmiche"},{"@type":"WebPage","@id":"https://www.solido.com/en/la-collection/s1809502-ford-puma-rally1-hybrid-rallye-montecarlo-2022-19-s-loeb-i-galmiche/#webpage","url":"https://www.solido.com/en/la-collection/s1809502-ford-puma-rally1-hybrid-rallye-montecarlo-2022-19-s-loeb-i-galmiche/","name":"Ford Puma Rally1 Hybrid - Rallye Montecarlo - 2022 - #19 S.Loeb / I.Galmiche - Solido","isPartOf":{"@id":"https://www.solido.com/en/#website"},"primaryImageOfPage":{"@id":"https://www.solido.com/en/la-collection/s1809502-ford-puma-rally1-hybrid-rallye-montecarlo-2022-19-s-loeb-i-galmiche/#primaryimage"},"datePublished":"2023-09-15T09:09:39+00:00","dateModified":"2025-05-29T02:00:47+00:00","breadcrumb":{"@id":"https://www.solido.com/en/la-collection/s1809502-ford-puma-rally1-hybrid-rallye-montecarlo-2022-19-s-loeb-i-galmiche/#breadcrumb"},"inLanguage":"en-US","potentialAction":[{"@type":"ReadAction","target":["https://www.solido.com/en/la-collection/s1809502-ford-puma-rally1-hybrid-rallye-montecarlo-2022-19-s-loeb-i-galmiche/"]}]},{"@type":"BreadcrumbList","@id":"https://www.solido.com/en/la-collection/s1809502-ford-puma-rally1-hybrid-rallye-montecarlo-2022-19-s-loeb-i-galmiche/#breadcrumb","itemListElement":[{"@type":"ListItem","position":1,"name":"Solido","item":"https://www.solido.com/en/"},{"@type":"ListItem","position":2,"name":"The collection","item":"https://www.solido.com/en/the-collection/"},{"@type":"ListItem","position":3,"name":"1/18 Collection","item":"https://www.solido.com/en/product-category/118-collection-en/"},{"@type":"ListItem","position":4,"name":"Ford Puma Rally1 Hybrid &#8211; Rallye Montecarlo &#8211; 2022 &#8211; #19 S.Loeb / I.Galmiche"}]}]}</script>
<!-- / Yoast SEO plugin. -->

Janvier 2022, le championnat du monde passe à l’ère hybride et découvre les nouvelles « Rally1 » qui remplacent les « WorldRallyCars » instaurées en 1997. Sébastien Loeb et Sébastien Ogier sont au départ du Monte-Carlo, chacun au volant d’une Rally1 différente. Suite à cette superbe bagarre entre « les deux Seb », Loeb finit par remporter le Rallye Monte-Carlo 2022 après la crevaison de son adversaire dans l’avant dernière spéciale. Il décroche ainsi sa 8e victoire au « Monte-Carl’ » pour son premier rallye au volant d’une Ford et pour son premier rallye copiloté par Isabelle Galmiche ! Il devient également le premier vainqueur de l’ère hybride en WRC, un moment historique à bien des égards ! [...]
